{"id":48,"date":"2015-03-11T09:49:28","date_gmt":"2015-03-11T09:49:28","guid":{"rendered":"http:\/\/www.degoederaat.nl\/dir\/?page_id=48"},"modified":"2017-12-08T08:42:06","modified_gmt":"2017-12-08T08:42:06","slug":"warum-korbimkerei","status":"publish","type":"page","link":"https:\/\/www.degoederaat.nl\/dir\/warum-korbimkerei\/","title":{"rendered":"Warum Korbimkerei?"},"content":{"rendered":"<p>Wer naturgem\u00e4ss Bienen z\u00fcchten will, hat keine bessere Wahl als die alte Korbimkerei. Denn\u00a0die K\u00f6rbe sind aus nat\u00fcrlichem Material hergestellt. Sie sind sowohl dauerhaft ( ich habe zB. einige K\u00f6rbe die \u00fcber 160 Jahre alt sind, im durchschnitt aber\u00a0etwa 100 Jahre) als auch vollkommen nachhaltigkeitsgem\u00e4ss, weil 100 prozentig biologisch abbaubar.<\/p>\n<p>Die Bienen f\u00fchlen sich am besten in einem Korb. Und auch wichtig: die Arbeit mit den K\u00f6rben gef\u00e4llt mir.<\/p>\n<p>Weiter nach &#8220;<a href=\"http:\/\/www.degoederaat.nl\/dir\/die-einfache-prinzipien-der-korbimkerei\/\">Die einfache Prinzipien der Korbimkerei<\/a>&#8220;<\/p>\n","protected":false},"excerpt":{"rendered":"<p>Wer naturgem\u00e4ss Bienen z\u00fcchten will, hat keine bessere Wahl als die alte Korbimkerei. Denn\u00a0die K\u00f6rbe sind aus nat\u00fcrlichem Material hergestellt. Sie sind sowohl dauerhaft ( ich habe zB. einige K\u00f6rbe die \u00fcber 160 Jahre alt sind, im durchschnitt aber\u00a0etwa 100 Jahre) als auch vollkommen nachhaltigkeitsgem\u00e4ss, weil 100 prozentig biologisch abbaubar. Die Bienen f\u00fchlen sich am &hellip; <a href=\"https:\/\/www.degoederaat.nl\/dir\/warum-korbimkerei\/\" class=\"more-link\">Verder lezen <span class=\"screen-reader-text\">Warum Korbimkerei?<\/span><\/a><\/p>\n","protected":false},"author":1,"featured_media":0,"parent":0,"menu_order":0,"comment_status":"closed","ping_status":"closed","template":"","meta":{"footnotes":""},"class_list":["post-48","page","type-page","status-publish","hentry"],"aioseo_notices":[],"_links":{"self":[{"href":"https:\/\/www.degoederaat.nl\/dir\/wp-json\/wp\/v2\/pages\/48","targetHints":{"allow":["GET"]}}],"collection":[{"href":"https:\/\/www.degoederaat.nl\/dir\/wp-json\/wp\/v2\/pages"}],"about":[{"href":"https:\/\/www.degoederaat.nl\/dir\/wp-json\/wp\/v2\/types\/page"}],"author":[{"embeddable":true,"href":"https:\/\/www.degoederaat.nl\/dir\/wp-json\/wp\/v2\/users\/1"}],"replies":[{"embeddable":true,"href":"https:\/\/www.degoederaat.nl\/dir\/wp-json\/wp\/v2\/comments?post=48"}],"version-history":[{"count":9,"href":"https:\/\/www.degoederaat.nl\/dir\/wp-json\/wp\/v2\/pages\/48\/revisions"}],"predecessor-version":[{"id":785,"href":"https:\/\/www.degoederaat.nl\/dir\/wp-json\/wp\/v2\/pages\/48\/revisions\/785"}],"wp:attachment":[{"href":"https:\/\/www.degoederaat.nl\/dir\/wp-json\/wp\/v2\/media?parent=48"}],"curies":[{"name":"wp","href":"https:\/\/api.w.org\/{rel}","templated":true}]}}